{"id":4618,"date":"2022-02-08T10:56:07","date_gmt":"2022-02-08T15:56:07","guid":{"rendered":"https:\/\/www.carmaxrentacar.com\/guayaquil\/?page_id=4618"},"modified":"2025-02-08T11:16:07","modified_gmt":"2025-02-08T16:16:07","slug":"blog-alquiler-de-autos","status":"publish","type":"page","link":"https:\/\/www.carmaxrentacar.com\/guayaquil\/blog-alquiler-de-autos.html","title":{"rendered":"Blog Autos"},"content":{"rendered":"\t\t<div data-elementor-type=\"wp-page\" data-elementor-id=\"4618\" class=\"elementor elementor-4618\" data-elementor-post-type=\"page\">\n\t\t\t\t<div class=\"elementor-element elementor-element-2794191 e-flex e-con-boxed e-con e-parent\" data-id=\"2794191\" data-element_type=\"container\" data-e-type=\"container\">\n\t\t\t\t\t<div class=\"e-con-inner\">\n\t\t<div class=\"elementor-element elementor-element-b6b86c4 e-con-full e-flex e-con e-child\" data-id=\"b6b86c4\" data-element_type=\"container\" data-e-type=\"container\">\n\t\t\t\t<div class=\"elementor-element elementor-element-f42be4c elementor-widget elementor-widget-heading\" data-id=\"f42be4c\" data-element_type=\"widget\" data-e-type=\"widget\" data-widget_type=\"heading.default\">\n\t\t\t\t<div class=\"elementor-widget-container\">\n\t\t\t\t\t<span class=\"elementor-heading-title elementor-size-default\">Blog de Carmax Rent a Car<\/span>\t\t\t\t<\/div>\n\t\t\t\t<\/div>\n\t\t\t\t<\/div>\n\t\t\t\t\t<\/div>\n\t\t\t\t<\/div>\n\t\t<div class=\"elementor-element elementor-element-40439a0 e-flex e-con-boxed e-con e-parent\" data-id=\"40439a0\" data-element_type=\"container\" data-e-type=\"container\">\n\t\t\t\t\t<div class=\"e-con-inner\">\n\t\t<div class=\"elementor-element elementor-element-79a4879 e-con-full e-flex e-con e-child\" data-id=\"79a4879\" data-element_type=\"container\" data-e-type=\"container\">\n\t\t\t\t<div class=\"elementor-element elementor-element-c4f29df elementor-posts--align-center elementor-grid-3 elementor-grid-tablet-2 elementor-grid-mobile-1 elementor-posts--thumbnail-top elementor-posts--show-avatar elementor-card-shadow-yes elementor-posts__hover-gradient elementor-widget elementor-widget-posts\" data-id=\"c4f29df\" data-element_type=\"widget\" data-e-type=\"widget\" data-settings=\"{&quot;cards_row_gap&quot;:{&quot;unit&quot;:&quot;px&quot;,&quot;size&quot;:20,&quot;sizes&quot;:[]},&quot;pagination_type&quot;:&quot;load_more_infinite_scroll&quot;,&quot;cards_columns&quot;:&quot;3&quot;,&quot;cards_columns_tablet&quot;:&quot;2&quot;,&quot;cards_columns_mobile&quot;:&quot;1&quot;,&quot;cards_row_gap_tablet&quot;:{&quot;unit&quot;:&quot;px&quot;,&quot;size&quot;:&quot;&quot;,&quot;sizes&quot;:[]},&quot;cards_row_gap_mobile&quot;:{&quot;unit&quot;:&quot;px&quot;,&quot;size&quot;:&quot;&quot;,&quot;sizes&quot;:[]},&quot;load_more_spinner&quot;:{&quot;value&quot;:&quot;fas fa-spinner&quot;,&quot;library&quot;:&quot;fa-solid&quot;}}\" data-widget_type=\"posts.cards\">\n\t\t\t\t<div class=\"elementor-widget-container\">\n\t\t\t\t\t\t\t<div class=\"elementor-posts-container elementor-posts elementor-posts--skin-cards elementor-grid\" role=\"list\">\n\t\t\t\t<article class=\"elementor-post elementor-grid-item post-10306 post type-post status-publish format-standard has-post-thumbnail hentry category-noticias wpbf-post\" role=\"listitem\">\n\t\t\t<div class=\"elementor-post__card\">\n\t\t\t\t<a class=\"elementor-post__thumbnail__link\" href=\"https:\/\/www.carmaxrentacar.com\/guayaquil\/alquiler-suv-guayaquil.html\" tabindex=\"-1\" ><div class=\"elementor-post__thumbnail\"><img fetchpriority=\"high\" decoding=\"async\" width=\"1024\" height=\"742\" src=\"https:\/\/www.carmaxrentacar.com\/guayaquil\/wp-content\/uploads\/2026\/02\/Alquiler-de-SUV-Guayaquil.webp\" class=\"attachment-full size-full wp-image-10399\" alt=\"Alquiler de SUV Guayaquil\" srcset=\"https:\/\/www.carmaxrentacar.com\/guayaquil\/wp-content\/uploads\/2026\/02\/Alquiler-de-SUV-Guayaquil.webp 1024w, https:\/\/www.carmaxrentacar.com\/guayaquil\/wp-content\/uploads\/2026\/02\/Alquiler-de-SUV-Guayaquil-300x217.webp 300w, https:\/\/www.carmaxrentacar.com\/guayaquil\/wp-content\/uploads\/2026\/02\/Alquiler-de-SUV-Guayaquil-768x557.webp 768w\" sizes=\"(max-width: 1024px) 100vw, 1024px\" title=\"\"><\/div><\/a>\n\t\t\t\t<div class=\"elementor-post__avatar\">\n\t\t\t\t\t<\/div>\n\t\t\t\t<div class=\"elementor-post__text\">\n\t\t\t\t<h1 class=\"elementor-post__title\">\n\t\t\t<a href=\"https:\/\/www.carmaxrentacar.com\/guayaquil\/alquiler-suv-guayaquil.html\" >\n\t\t\t\tAlquiler de SUV Guayaquil\t\t\t<\/a>\n\t\t<\/h1>\n\t\t\t\t<div class=\"elementor-post__excerpt\">\n\t\t\t<p>Reserve su SUV en Guayaquil con Carmax. M\u00e1s de 25 a\u00f1os de experiencia, tarifas todo incluido y recepci\u00f3n gratuita en el Aeropuerto GYE. \u00a1Cotice por WhatsApp!<\/p>\n\t\t<\/div>\n\t\t\n\t\t<a class=\"elementor-post__read-more\" href=\"https:\/\/www.carmaxrentacar.com\/guayaquil\/alquiler-suv-guayaquil.html\" aria-label=\"M\u00e1s informaci\u00f3n sobre Alquiler de SUV Guayaquil\" tabindex=\"-1\" >\n\t\t\tLeer m\u00e1s \u00bb\t\t<\/a>\n\n\t\t\t\t<\/div>\n\t\t\t\t<div class=\"elementor-post__meta-data\">\n\t\t\t\t\t<span class=\"elementor-post-date\">\n\t\t\t7 febrero, 2026\t\t<\/span>\n\t\t\t\t<\/div>\n\t\t\t\t\t<\/div>\n\t\t<\/article>\n\t\t\t\t<article class=\"elementor-post elementor-grid-item post-10195 post type-post status-publish format-standard has-post-thumbnail hentry category-noticias wpbf-post\" role=\"listitem\">\n\t\t\t<div class=\"elementor-post__card\">\n\t\t\t\t<a class=\"elementor-post__thumbnail__link\" href=\"https:\/\/www.carmaxrentacar.com\/guayaquil\/alquiler-de-carros-economicos-en-guayaquil.html\" tabindex=\"-1\" ><div class=\"elementor-post__thumbnail\"><img decoding=\"async\" width=\"800\" height=\"533\" src=\"https:\/\/www.carmaxrentacar.com\/guayaquil\/wp-content\/uploads\/2024\/11\/sportage.png\" class=\"attachment-full size-full wp-image-7633\" alt=\"Alquiler de carros econ\u00f3micos en Guayaquil\" srcset=\"https:\/\/www.carmaxrentacar.com\/guayaquil\/wp-content\/uploads\/2024\/11\/sportage.png 800w, https:\/\/www.carmaxrentacar.com\/guayaquil\/wp-content\/uploads\/2024\/11\/sportage-300x200.png 300w, https:\/\/www.carmaxrentacar.com\/guayaquil\/wp-content\/uploads\/2024\/11\/sportage-768x512.png 768w\" sizes=\"(max-width: 800px) 100vw, 800px\" title=\"\"><\/div><\/a>\n\t\t\t\t<div class=\"elementor-post__avatar\">\n\t\t\t\t\t<\/div>\n\t\t\t\t<div class=\"elementor-post__text\">\n\t\t\t\t<h1 class=\"elementor-post__title\">\n\t\t\t<a href=\"https:\/\/www.carmaxrentacar.com\/guayaquil\/alquiler-de-carros-economicos-en-guayaquil.html\" >\n\t\t\t\tAlquiler de carros econ\u00f3micos en Guayaquil\t\t\t<\/a>\n\t\t<\/h1>\n\t\t\t\t<div class=\"elementor-post__excerpt\">\n\t\t\t<p>Renta de autos Guayaquil aeropuerto en cualquier horario y atenci\u00f3n 24\/7. Reserva f\u00e1cil por WhatsApp.<\/p>\n\t\t<\/div>\n\t\t\n\t\t<a class=\"elementor-post__read-more\" href=\"https:\/\/www.carmaxrentacar.com\/guayaquil\/alquiler-de-carros-economicos-en-guayaquil.html\" aria-label=\"M\u00e1s informaci\u00f3n sobre Alquiler de carros econ\u00f3micos en Guayaquil\" tabindex=\"-1\" >\n\t\t\tLeer m\u00e1s \u00bb\t\t<\/a>\n\n\t\t\t\t<\/div>\n\t\t\t\t<div class=\"elementor-post__meta-data\">\n\t\t\t\t\t<span class=\"elementor-post-date\">\n\t\t\t6 febrero, 2026\t\t<\/span>\n\t\t\t\t<\/div>\n\t\t\t\t\t<\/div>\n\t\t<\/article>\n\t\t\t\t<article class=\"elementor-post elementor-grid-item post-8087 post type-post status-publish format-standard has-post-thumbnail hentry category-noticias wpbf-post\" role=\"listitem\">\n\t\t\t<div class=\"elementor-post__card\">\n\t\t\t\t<a class=\"elementor-post__thumbnail__link\" href=\"https:\/\/www.carmaxrentacar.com\/guayaquil\/alquiler-de-autos-aeropuerto-guayaquil.html\" tabindex=\"-1\" ><div class=\"elementor-post__thumbnail\"><img decoding=\"async\" width=\"984\" height=\"554\" src=\"https:\/\/www.carmaxrentacar.com\/guayaquil\/wp-content\/uploads\/2025\/02\/Alquiler-de-autos-Aeropuerto-Guayaquil.png\" class=\"attachment-full size-full wp-image-8098\" alt=\"Alquiler de autos Aeropuerto Guayaquil\" srcset=\"https:\/\/www.carmaxrentacar.com\/guayaquil\/wp-content\/uploads\/2025\/02\/Alquiler-de-autos-Aeropuerto-Guayaquil.png 984w, https:\/\/www.carmaxrentacar.com\/guayaquil\/wp-content\/uploads\/2025\/02\/Alquiler-de-autos-Aeropuerto-Guayaquil-300x169.png 300w, https:\/\/www.carmaxrentacar.com\/guayaquil\/wp-content\/uploads\/2025\/02\/Alquiler-de-autos-Aeropuerto-Guayaquil-768x432.png 768w\" sizes=\"(max-width: 984px) 100vw, 984px\" title=\"\"><\/div><\/a>\n\t\t\t\t<div class=\"elementor-post__avatar\">\n\t\t\t\t\t<\/div>\n\t\t\t\t<div class=\"elementor-post__text\">\n\t\t\t\t<h1 class=\"elementor-post__title\">\n\t\t\t<a href=\"https:\/\/www.carmaxrentacar.com\/guayaquil\/alquiler-de-autos-aeropuerto-guayaquil.html\" >\n\t\t\t\tAlquiler de autos Aeropuerto Guayaquil\t\t\t<\/a>\n\t\t<\/h1>\n\t\t\t\t<div class=\"elementor-post__excerpt\">\n\t\t\t<p>Carmax Rent a Car ofrece Alquiler de carros Guayaquil Aeropuerto con entrega inmediata, tarifas competitivas y atenci\u00f3n 24\/7.<\/p>\n\t\t<\/div>\n\t\t\n\t\t<a class=\"elementor-post__read-more\" href=\"https:\/\/www.carmaxrentacar.com\/guayaquil\/alquiler-de-autos-aeropuerto-guayaquil.html\" aria-label=\"M\u00e1s informaci\u00f3n sobre Alquiler de autos Aeropuerto Guayaquil\" tabindex=\"-1\" >\n\t\t\tLeer m\u00e1s \u00bb\t\t<\/a>\n\n\t\t\t\t<\/div>\n\t\t\t\t<div class=\"elementor-post__meta-data\">\n\t\t\t\t\t<span class=\"elementor-post-date\">\n\t\t\t8 febrero, 2025\t\t<\/span>\n\t\t\t\t<\/div>\n\t\t\t\t\t<\/div>\n\t\t<\/article>\n\t\t\t\t<article class=\"elementor-post elementor-grid-item post-8048 post type-post status-publish format-standard has-post-thumbnail hentry category-noticias wpbf-post\" role=\"listitem\">\n\t\t\t<div class=\"elementor-post__card\">\n\t\t\t\t<a class=\"elementor-post__thumbnail__link\" href=\"https:\/\/www.carmaxrentacar.com\/guayaquil\/renta-de-autos-guayaquil-aeropuerto.html\" tabindex=\"-1\" ><div class=\"elementor-post__thumbnail\"><img loading=\"lazy\" decoding=\"async\" width=\"984\" height=\"554\" src=\"https:\/\/www.carmaxrentacar.com\/guayaquil\/wp-content\/uploads\/2025\/01\/aeropuerto-rental.png\" class=\"attachment-full size-full wp-image-8106\" alt=\"Renta de autos Guayaquil Aeropuerto\" srcset=\"https:\/\/www.carmaxrentacar.com\/guayaquil\/wp-content\/uploads\/2025\/01\/aeropuerto-rental.png 984w, https:\/\/www.carmaxrentacar.com\/guayaquil\/wp-content\/uploads\/2025\/01\/aeropuerto-rental-300x169.png 300w, https:\/\/www.carmaxrentacar.com\/guayaquil\/wp-content\/uploads\/2025\/01\/aeropuerto-rental-768x432.png 768w\" sizes=\"(max-width: 984px) 100vw, 984px\" title=\"\"><\/div><\/a>\n\t\t\t\t<div class=\"elementor-post__avatar\">\n\t\t\t\t\t<\/div>\n\t\t\t\t<div class=\"elementor-post__text\">\n\t\t\t\t<h1 class=\"elementor-post__title\">\n\t\t\t<a href=\"https:\/\/www.carmaxrentacar.com\/guayaquil\/renta-de-autos-guayaquil-aeropuerto.html\" >\n\t\t\t\tRenta de autos Guayaquil Aeropuerto\t\t\t<\/a>\n\t\t<\/h1>\n\t\t\t\t<div class=\"elementor-post__excerpt\">\n\t\t\t<p>Servicio Exclusivo de Pick Up en el Aeropuerto de Guayaquil por Carmax Rent a Car \u00a1Bienvenido a Guayaquil! <\/p>\n\t\t<\/div>\n\t\t\n\t\t<a class=\"elementor-post__read-more\" href=\"https:\/\/www.carmaxrentacar.com\/guayaquil\/renta-de-autos-guayaquil-aeropuerto.html\" aria-label=\"M\u00e1s informaci\u00f3n sobre Renta de autos Guayaquil Aeropuerto\" tabindex=\"-1\" >\n\t\t\tLeer m\u00e1s \u00bb\t\t<\/a>\n\n\t\t\t\t<\/div>\n\t\t\t\t<div class=\"elementor-post__meta-data\">\n\t\t\t\t\t<span class=\"elementor-post-date\">\n\t\t\t22 enero, 2025\t\t<\/span>\n\t\t\t\t<\/div>\n\t\t\t\t\t<\/div>\n\t\t<\/article>\n\t\t\t\t<article class=\"elementor-post elementor-grid-item post-8077 post type-post status-publish format-standard has-post-thumbnail hentry category-noticias wpbf-post\" role=\"listitem\">\n\t\t\t<div class=\"elementor-post__card\">\n\t\t\t\t<a class=\"elementor-post__thumbnail__link\" href=\"https:\/\/www.carmaxrentacar.com\/guayaquil\/alquiler-de-autos-aeropuerto.html\" tabindex=\"-1\" ><div class=\"elementor-post__thumbnail\"><img loading=\"lazy\" decoding=\"async\" width=\"984\" height=\"554\" src=\"https:\/\/www.carmaxrentacar.com\/guayaquil\/wp-content\/uploads\/2025\/02\/rent-car-aierpot.png\" class=\"attachment-full size-full wp-image-8103\" alt=\"\" srcset=\"https:\/\/www.carmaxrentacar.com\/guayaquil\/wp-content\/uploads\/2025\/02\/rent-car-aierpot.png 984w, https:\/\/www.carmaxrentacar.com\/guayaquil\/wp-content\/uploads\/2025\/02\/rent-car-aierpot-300x169.png 300w, https:\/\/www.carmaxrentacar.com\/guayaquil\/wp-content\/uploads\/2025\/02\/rent-car-aierpot-768x432.png 768w\" sizes=\"(max-width: 984px) 100vw, 984px\" title=\"\"><\/div><\/a>\n\t\t\t\t<div class=\"elementor-post__avatar\">\n\t\t\t\t\t<\/div>\n\t\t\t\t<div class=\"elementor-post__text\">\n\t\t\t\t<h1 class=\"elementor-post__title\">\n\t\t\t<a href=\"https:\/\/www.carmaxrentacar.com\/guayaquil\/alquiler-de-autos-aeropuerto.html\" >\n\t\t\t\tAlquiler de autos Guayaquil Aeropuerto\t\t\t<\/a>\n\t\t<\/h1>\n\t\t\t\t<div class=\"elementor-post__excerpt\">\n\t\t\t<p>Renta de Autos Guayaquil Aeropuerto. Reserva en l\u00ednea y rec\u00edbelo en el Aeropuerto. Proceso r\u00e1pido, sin estr\u00e9s y al costo m\u00e1s bajo. \u00a1Reserva Ahora!<\/p>\n\t\t<\/div>\n\t\t\n\t\t<a class=\"elementor-post__read-more\" href=\"https:\/\/www.carmaxrentacar.com\/guayaquil\/alquiler-de-autos-aeropuerto.html\" aria-label=\"M\u00e1s informaci\u00f3n sobre Alquiler de autos Guayaquil Aeropuerto\" tabindex=\"-1\" >\n\t\t\tLeer m\u00e1s \u00bb\t\t<\/a>\n\n\t\t\t\t<\/div>\n\t\t\t\t<div class=\"elementor-post__meta-data\">\n\t\t\t\t\t<span class=\"elementor-post-date\">\n\t\t\t5 enero, 2025\t\t<\/span>\n\t\t\t\t<\/div>\n\t\t\t\t\t<\/div>\n\t\t<\/article>\n\t\t\t\t<article class=\"elementor-post elementor-grid-item post-6963 post type-post status-publish format-standard has-post-thumbnail hentry category-noticias wpbf-post\" role=\"listitem\">\n\t\t\t<div class=\"elementor-post__card\">\n\t\t\t\t<a class=\"elementor-post__thumbnail__link\" href=\"https:\/\/www.carmaxrentacar.com\/guayaquil\/car-rental-guayaquil-airport-ecuador.html\" tabindex=\"-1\" ><div class=\"elementor-post__thumbnail\"><img loading=\"lazy\" decoding=\"async\" width=\"917\" height=\"640\" src=\"https:\/\/www.carmaxrentacar.com\/guayaquil\/wp-content\/uploads\/2024\/02\/juanre.jpg\" class=\"attachment-full size-full wp-image-6041\" alt=\"Pick Up en el Aeropuerto de Guayaquil\" srcset=\"https:\/\/www.carmaxrentacar.com\/guayaquil\/wp-content\/uploads\/2024\/02\/juanre.jpg 917w, https:\/\/www.carmaxrentacar.com\/guayaquil\/wp-content\/uploads\/2024\/02\/juanre-300x209.jpg 300w, https:\/\/www.carmaxrentacar.com\/guayaquil\/wp-content\/uploads\/2024\/02\/juanre-768x536.jpg 768w\" sizes=\"(max-width: 917px) 100vw, 917px\" title=\"\"><\/div><\/a>\n\t\t\t\t<div class=\"elementor-post__avatar\">\n\t\t\t\t\t<\/div>\n\t\t\t\t<div class=\"elementor-post__text\">\n\t\t\t\t<h1 class=\"elementor-post__title\">\n\t\t\t<a href=\"https:\/\/www.carmaxrentacar.com\/guayaquil\/car-rental-guayaquil-airport-ecuador.html\" >\n\t\t\t\tCar rental Guayaquil Airport\t\t\t<\/a>\n\t\t<\/h1>\n\t\t\t\t<div class=\"elementor-post__excerpt\">\n\t\t\t<p>Servicio Exclusivo de Pick Up en el Aeropuerto de Guayaquil por Carmax Rent a Car \u00a1Bienvenido a Guayaquil! <\/p>\n\t\t<\/div>\n\t\t\n\t\t<a class=\"elementor-post__read-more\" href=\"https:\/\/www.carmaxrentacar.com\/guayaquil\/car-rental-guayaquil-airport-ecuador.html\" aria-label=\"M\u00e1s informaci\u00f3n sobre Car rental Guayaquil Airport\" tabindex=\"-1\" >\n\t\t\tLeer m\u00e1s \u00bb\t\t<\/a>\n\n\t\t\t\t<\/div>\n\t\t\t\t<div class=\"elementor-post__meta-data\">\n\t\t\t\t\t<span class=\"elementor-post-date\">\n\t\t\t3 septiembre, 2024\t\t<\/span>\n\t\t\t\t<\/div>\n\t\t\t\t\t<\/div>\n\t\t<\/article>\n\t\t\t\t<\/div>\n\t\t\t\t\t<span class=\"e-load-more-spinner\">\n\t\t\t\t<i aria-hidden=\"true\" class=\"fas fa-spinner\"><\/i>\t\t\t<\/span>\n\t\t\n\t\t\t\t<div class=\"e-load-more-anchor\" data-page=\"1\" data-max-page=\"7\" data-next-page=\"https:\/\/www.carmaxrentacar.com\/guayaquil\/wp-json\/wp\/v2\/pages\/4618\/page\/2\"><\/div>\n\t\t\t\t<div class=\"e-load-more-message\"><\/div>\n\t\t\t\t\t\t<\/div>\n\t\t\t\t<\/div>\n\t\t\t\t<\/div>\n\t\t\t\t\t<\/div>\n\t\t\t\t<\/div>\n\t\t\t\t<\/div>\n\t\t","protected":false},"excerpt":{"rendered":"<p>Blog de Carmax Rent a Car<\/p>\n","protected":false},"author":1,"featured_media":0,"parent":0,"menu_order":0,"comment_status":"closed","ping_status":"closed","template":"","meta":{"footnotes":""},"class_list":["post-4618","page","type-page","status-publish","hentry","wpbf-post"],"_links":{"self":[{"href":"https:\/\/www.carmaxrentacar.com\/guayaquil\/wp-json\/wp\/v2\/pages\/4618","targetHints":{"allow":["GET"]}}],"collection":[{"href":"https:\/\/www.carmaxrentacar.com\/guayaquil\/wp-json\/wp\/v2\/pages"}],"about":[{"href":"https:\/\/www.carmaxrentacar.com\/guayaquil\/wp-json\/wp\/v2\/types\/page"}],"author":[{"embeddable":true,"href":"https:\/\/www.carmaxrentacar.com\/guayaquil\/wp-json\/wp\/v2\/users\/1"}],"replies":[{"embeddable":true,"href":"https:\/\/www.carmaxrentacar.com\/guayaquil\/wp-json\/wp\/v2\/comments?post=4618"}],"version-history":[{"count":0,"href":"https:\/\/www.carmaxrentacar.com\/guayaquil\/wp-json\/wp\/v2\/pages\/4618\/revisions"}],"wp:attachment":[{"href":"https:\/\/www.carmaxrentacar.com\/guayaquil\/wp-json\/wp\/v2\/media?parent=4618"}],"curies":[{"name":"wp","href":"https:\/\/api.w.org\/{rel}","templated":true}]}}